 What is q(-4)?
5
Let z(x) be the second derivative of -x**3/2 - 208*x - 1. Determine z(4).
-12
Let r(l) = l**2 - 2*l - 8. Let g(j) = -20*j - 172. Let s be g(-9). Calculate r(s).
40
Let z(b) = b**3 - 4*b**2 - 3*b + 6. Let w be z(0). Let o(a) = a**2 - 3*a + 8. Calculate o(w).
26
Let s(m) = m**2 - 48*m + 48*m - 5. Suppose -8*n = -61 + 21. Determine s(n).
20
Let r(c) = c. Let k(l) = 3*l - 1. Let v(f) = -k(f) + 4*r(f). Let d(z) = 3*z + 4. Let q be ((-10)/(-15))/(4/6). Let y(n) = q*d(n) - 4*v(n). Calculate y(2).
-2
Let y(f) be the second derivative of -f**3 - f**2 + 541*f. Calculate y(9).
-56
Let m(g) = -g + 5. Suppose 4*r + 1 = -7. Let k be (-390)/(-52)*r/(-5)*-2. Calculate m(k).
11
Let t(g) = 10 + 0*g + 0*g + g + 4. Let h be t(-7). Let a(o) = -h - 6 + 17 - o. What is a(3)?
1
Suppose 2*d - 3*d = -32. Suppose 10*f - d = -152. Let n(x) = x**2 + 14*x + 18. Calculate n(f).
-6
Let l(c) = 9*c + 16*c**2 - 11 - 38*c + 15*c + 0*c**3 - c**3. What is l(15)?
4
Let l = -315 + 318. Let f(x) be the first derivative of 2*x**2 + x - 3. Determine f(l).
13
Suppose -5*s - 43 - 139 = 2*n, n - 5*s + 106 = 0. Let f = 99 + n. Let k(x) = -x**3 + 2*x**2 + 3*x. Give k(f).
0
Let y(j) = -3*j - 2. Let f be 12/(-30)*40/4. Determine y(f).
10
Let g(d) = 7*d**2 + 13*d + 23. Let k(b) = -10*b**2 - 15*b - 24. Let n(q) = -3*g(q) - 2*k(q). Give n(-9).
-21
Let v = 466 - 469. Let l(z) = -z**3 - 3*z**2 - z - 2. What is l(v)?
1
Suppose -4*u + u + 42 = 5*r, -5*r + 50 = 5*u. Suppose 0 = -4*f + r + 2. Let h(x) be the first derivative of x**3/3 - x**2 + x + 2. What is h(f)?
1
Let l(k) = 2*k**2 + 5*k. Suppose 22*r - 28*r - 24 = 0. Calculate l(r).
12
Let x(c) = -c + 3. Let k(v) = 2*v - 10. Let g be k(7). Give x(g).
-1
Let l(n) be the third derivative of n**6/120 + n**5/12 + n**4/12 - 2*n**3/3 + n**2. Let i = -281 - -142. Let y = i - -135. Determine l(y).
4
Let n(q) = 1822 - 3*q - 1847 - 10*q - q**2. Calculate n(-12).
-13
Let h(y) be the third derivative of -y**7/840 + y**6/360 - y**5/40 + y**4/12 - 7*y**3/3 - y**2. Let s(n) be the first derivative of h(n). Calculate s(2).
-8
Suppose 2*n = 3*d - 10, 2 = 4*d + n + 7. Let p(l) = l**3 - l + 1. Give p(d).
1
Let y(d) = -2*d + 3. Suppose -197 = 126*g + 181. Determine y(g).
9
Let a(q) = -q**3 + 7*q**2 + 11*q - 20. Let j = 380 + -372. Calculate a(j).
4
Let v(p) = -73*p - 288. Let f be v(-4). Let k(g) be the second derivative of g**3/2 - 5*g**2/2 + g. Calculate k(f).
7
Let z(u) = -2*u - 1. Suppose 15*h = 11*h + 24. Determine z(h).
-13
Let u(v) = v**2 + v + 5. Let r(i) = 3*i + 3. Let m be r(9). Let s = 35 - m. Suppose -3*k + 7 = 5*o + 22, 15 = -2*k - s*o. What is u(k)?
5
Let g(f) be the first derivative of 1 + 1/120*f**5 + 0*f + 1/8*f**4 - f**3 + 0*f**2. Let b(p) be the third derivative of g(p). Give b(-5).
-2
Let a(b) = -b**2 - 4*b. Suppose 2*w + 0*w + 4 = 0, 5*w = -2*v. Suppose v = z + 3. Suppose 5 = -4*m - 3*y, z*m - 5*y = -0*m - 35. Determine a(m).
-5
Let f be 2/14 + (-41)/(-7). Let y(r) = -r + 1. Let u(j) = -j - 2. Let d(o) = 3*u(o) - y(o). Give d(f).
-19
Let c(u) = u**3 - 2*u**2 - 6*u - 4. Let l be c(-1). Let w(v) = 5*v**2 + v + 1. What is w(l)?
5
Let z(f) be the first derivative of -f**3/3 + 3*f**2 - 3*f - 63. What is z(6)?
-3
Let a(m) = -7*m**3 - m**2 + 7*m - 2. Let c(d) = -8*d**3 + 9*d - 3. Let v(g) = -7*a(g) + 6*c(g). What is v(-6)?
2
Let c(a) = 50*a + 6. Let i(l) = 4*l. Let w(k) = -c(k) + 12*i(k). Calculate w(-3).
0
Let i(q) = -q**2 - 4*q. Suppose 4*u + u - 125 = -5*h, -98 = -5*u + 4*h. Suppose 3*o + w = -4*w + u, 0 = -4*o - w + 52. Let z = o - 19. Determine i(z).
-5
Suppose 3 = -21*l - 39. Let m(v) = -v**2 + 4 + 2*v**2 - 6. What is m(l)?
2
Let f(q) = q**2 - 2*q + 1. Let m be f(3). Let p = -72 - -79. Let d(r) = 177 - r**2 + p*r - 92 - 2*r - 90. Determine d(m).
-1
Suppose -46 = 4*g - 10. Let r = 2 + g. Let q(o) = -o**3 - 7*o**2 - 3*o - 2. Calculate q(r).
19
Let m(y) be the second derivative of y**3/6 + y**2 - 5*y. Suppose -3*l = 6*l. Determine m(l).
2
Let a(h) be the first derivative of -h**4/4 - 4*h**3/3 + h**2/2 - h - 36. Determine a(-4).
-5
Let c(m) be the third derivative of 0*m + 1/2*m**3 - 1/12*m**4 + 20*m**2 - 1/20*m**5 + 0 + 1/60*m**6. Determine c(3).
24
Let v(i) = i**2 + 12*i + 6. Let d be v(-11). Let z(l) be the second derivative of -5/2*l**2 - 14*l - 2/3*l**3 + 0. Determine z(d).
15
Let b be 1*((-3)/(-3) - 7). Let k(x) = -7*x**3 - 12*x**2 + x - 9. Let q(f) = 11*f**3 + 18*f**2 - 2*f + 14. Let u(s) = 8*k(s) + 5*q(s). Calculate u(b).
10
Let i(l) = l**3 + l**2 - 4*l + 3. Let p be (1/(-1))/((-1)/2). Let f(c) = -c**3 + 5*c - 3. Let y(z) = p*f(z) + 3*i(z). Let k = -32 - -28. Calculate y(k).
-5
Suppose 6 = -q + 3*p, 0 = -q - q + 2*p. Suppose -q*j = -j + 2. Let a(y) = -y + 1. Let w(x) = -x - 7. Let r(f) = j*w(f) + 3*a(f). Determine r(7).
-4
Let w = 17 - 17. Suppose -3*a - y + 12 = w, 0*y = -y. Let s(r) be the first derivative of r**3/3 - 7*r**2/2 + 6*r - 3. Determine s(a).
-6
Suppose 2*w + 0*w = 2, -3*h - 5*w = -8. Let v(g) = -g**3 - 8*g + 4. Let o(z) = -2*z + 1. Let y(a) = 9*o(a) - 2*v(a). Calculate y(h).
1
Let v = 2 - 1. Let n(z) = z**2 + 2*z. Let o(x) = 16*x**3 - 7*x**2 - 15*x + 1. Let q(k) = 7*n(k) + o(k). Give q(v).
16
Let n(s) = 4*s + 102. Let v be n(-25). Let y(k) = -k + 4. Determine y(v).
2
Let q(m) = -m - 1. Let u(k) = -k**3 - 14*k**2 + 94*k - 14. Let x be u(-19). Give q(x).
-6
Suppose 2*y - 36 = 6. Let i = y + -9. Suppose 2*q + 5*f + i = q, -3*f = 2*q + 10. Let z(s) = 4*s + 3. Determine z(q).
-5
Suppose -5*w + 4*i + 14 = 0, 0 = 3*w - 2*i + i - 7. Let c(t) = -10 + 7*t**2 + t**2 - 9*t**w. Suppose 4*l = -2*l. What is c(l)?
-10
Let b(h) = -h + 11. Suppose 3 = r - 3*k - 17, 2*k - 66 = -5*r. Give b(r).
-3
Let p(b) = -24*b - 4. Let g(c) = -33*c - 4. Let u(s) = -3*g(s) + 4*p(s). What is u(5)?
11
Let j be 35/14*((-48)/(-5))/3. Let a(x) = -33 + j*x + 64 - 37 - x**2. Calculate a(5).
9
Let p = -17 + 20. Let w be 3 - (0 - (-2 + 4)). Let l(v) = -w*v - 2*v**2 + 3*v**2 + 3 - 1. Determine l(p).
-4
Let r(k) = -5 - 3 + k + k. Let q(z) = -4*z - 29. Let i(l) = 3*l + 24. Let p(t) = -5*i(t) - 4*q(t). Let d(h) = -9*p(h) + 4*r(h). Determine d(3).
1
Let j = 97 + -103. Suppose -1 - 3 = -4*v. Let u(t) = -t**2 - v - 5*t - 2 - t. Determine u(j).
-3
Suppose 5*a - 2*a - 15 = -5*z, 0 = -2*z - 4*a + 6. Let s(c) = 5 + c + c**2 + 4*c + z*c - 4*c. What is s(-4)?
5
Let w(u) = -u**3 - 3*u**2 + 2*u - 7. Let o be (-10)/35*(-4 - -18). Determine w(o).
1
Let z(k) = k**2 - 8*k - 12. Let s be z(8). Let r = 11 + s. Let c(b) = 5*b**2 + 2*b + 1. What is c(r)?
4
Let r(o) = -o**2 - 4*o - 2. Let y(h) = -2*h**2 - 5*h - 8. Let z be y(-5). Let u = 34 + z. Suppose 0 = 6*m - u + 13. Give r(m).
2
Let i(y) = -y**2 - 3*y + 1. Let n = 0 - -1. Let g(d) = -d**2 - n + d**2 + 3*d**2. Let u be g(1). Calculate i(u).
-9
Let d(l) = l**2 - 3*l - 6. Let a be d(5). Let c(m) = 2*m**2 + 3*m + 0*m**2 - 2*m**3 - a + m**3. Let o be (-42)/(-13 + 6)*2*(-2)/(-8). Calculate c(o).
-4
Let h(k) = 3*k**3 + 9*k**2 - 11*k + 11. Let y(q) = -q**3 + q - 2. Let u(z) = -h(z) - 2*y(z). Determine u(-10).
3
Let k(q) = 13*q**3 - 12*q**2 - q - 8. Let j(c) = 25*c**3 - 22*c**2 - 2*c - 15. Let s(m) = -6*j(m) + 11*k(m). Determine s(-1).
8
Let t(b) = 1 - 2*b**3 + b**2 + b - 3 + 3. Let q be (-2700)/(-275) + (-2)/(-11). Let y be (-3 - 55/(-25))*q/(-4). Calculate t(y).
-9
Let p(s) = -12*s**2 - 1. Let g be (-5 + (-10)/(-2))/2. Let w be 1 - g/(3 - 5). Calculate p(w).
-13
Let h(f) = f + 3. Suppose -4 = -3*n + 5*t, -4*n + 0*n = -t - 11. Suppose 5 = -n*s + 4*s + 3*m, 17 = -3*s - m. What is h(s)?
-4
Let r(o) = -2*o**3 + 2*o**2 + 3*o - 3. Let k = 1017 + -1015. Calculate r(k).
-5
Let g(n) = n**3 - 3*n**2 - 2*n - 6. Let j be g(4). Let b(a) = -14*a**2 + 8 + 9*a**j - 4*a**2 - a**3 + a. Calculate b(-9).
-1
Let y(s) be the third derivative of -s**5/30 - s**4/6 - 5*s**3/6 - 5*s**2 + 12. What is y(-2)?
-5
Let p(v) = 7*v - 6. Let f be p(4). Let a = f - 19. Let z be -1 + a + 2/(-2). Let r(t) = t**2 - 2*t + 1. Determine r(z).
0
Let y(k) be the second derivative of -k**6/120 - k**5/15 + k**4/8 + 5*k**3/6 - 2*k**2 + 23*k. Let h(d) be the first derivative of y(d). Give h(-5).
15
Let t(m) = 5*m**3 - 2*m**2 + 6*m + 5. Let o(a) = 9*a**3 - 3*a**2 + 11*a + 10. Let p(w) = -6*o(w) + 11*t(w). Suppose 97 = 63*v - 40 - 115. Give p(v).
-5
Let u(i) = 2*i**2 - 4*i -